451581 composite?
False
Is 112070897 a composite number?
False
Is 29124409879 composite?
False
Is 366307229 a prime number?
False
Is 2352257059 a composite number?
False
Is 2827843618 composite?
True
Is 601054439 a prime number?
True
Is 262832743 prime?
False
Is 25787893 prime?
False
Is 3116873191 prime?
True
Is 1039725361 a prime number?
False
Is 121061987 a composite number?
False
Is 17325390391 a prime number?
False
Is 27398743367 composite?
False
Is 10142373167 a prime number?
False
Is 781751689 composite?
True
Is 91335470509 a prime number?
False
Is 138322651 a composite number?
True
Is 1598134961 a composite number?
True
Is 669657581 prime?
False
Is 490703611 a composite number?
False
Is 289664369 prime?
False
Is 2088164887 composite?
False
Is 6482260189 prime?
True
Is 14153308591 a composite number?
False
Is 42222710785 prime?
False
Is 5406418057 prime?
False
Is 8059295869 a composite number?
False
Is 618664367 composite?
True
Is 99577097509 composite?
False
Is 167941217 a prime number?
True
Is 700462909 a prime number?
True
Is 6664826383 a prime number?
True
Is 1137805091 prime?
True
Is 4068790199 a composite number?
False
Is 798896066 prime?
False
Is 17931234921 a composite number?
True
Is 28195435261 composite?
True
Is 361632911 composite?
False
Is 19324171069 composite?
True
Is 123570924747 composite?
True
Is 48566870419 composite?
False
Is 9879358079 composite?
False
Is 4152767249 composite?
True
Is 193774463 prime?
True
Is 3706810511 prime?
False
Is 1067619017 a prime number?
True
Is 1162897027 a composite number?
False
Is 364632773 prime?
False
Is 2768479247 composite?
False
Is 2362448227 composite?
True
Is 38955479 composite?
True
Is 21800523881 a composite number?
False
Is 231485911721 prime?
True
Is 316211839 a prime number?
False
Is 2084170973 a composite number?
False
Is 14342944583 composite?
True
Is 10168419607 prime?
True
Is 2445093419 composite?
False
Is 520977384949 a composite number?
True
Is 1688660887 prime?
False
Is 2640796135 a prime number?
False
Is 118630159642 a prime number?
False
Is 13998812257 composite?
False
Is 864045781 composite?
True
Is 310155382 composite?
True
Is 766727467 a prime number?
False
Is 12960298541 a prime number?
True
Is 15706416311 a composite number?
False
Is 1732382403 composite?
True
Is 2941159321 prime?
False
Is 4118702087 prime?
True
Is 10870750207 a prime number?
False
Is 390683071 a composite number?
True
Is 297050917 prime?
False
Is 501069623 prime?
False
Is 1083269633 composite?
False
Is 591937817 prime?
True
Is 10697784791 a composite number?
True
Is 51096752347 a prime number?
True
Is 23656288361 composite?
True
Is 2301716369 composite?
False
Is 24712135507 prime?
True
Is 6319409627 prime?
False
Is 5455611157 composite?
True
Is 3419587007 prime?
True
Is 24930538939 a prime number?
True
Is 1189584829 a composite number?
False
Is 18705560767 a prime number?
True
Is 267235637 a composite number?
False
Is 324239581 composite?
True
Is 42951653 a prime number?
True
Is 10053607 composite?
True
Is 342090899 a prime number?
True
Is 11330516579 a composite number?
False
Is 1938026122 a prime number?
False
Is 3093536443 prime?
True
Is 3901154893 a composite number?
True
Is 7412645489 prime?
False
Is 20120967239 composite?
True
Is 14507956241 a composite number?
False
Is 50658381581 composite?
False
Is 384344021 prime?
True
Is 351462901 a prime number?
True
Is 1861777535 a composite number?
True
Is 27579160759 a prime number?
False
Is 141554122271 a composite number?
False
Is 6170348671 composite?
False
Is 2293764139 a composite number?
False
Is 21790660643 prime?
True
Is 13526009873 a prime number?
False
Is 17329290839 a composite number?
True
Is 9918051641 a composite number?
False
Is 37335659 prime?
False
Is 91035945701 composite?
False
Is 95161745911 a composite number?
False
Is 18277528663 a composite number?
True
Is 131573156483 prime?
False
Is 1451511863 a prime number?
False
Is 201003883 a composite number?
False
Is 2128226173 composite?
False
Is 1138655953 a composite number?
True
Is 58959987109 a prime number?
False
Is 5765584471 prime?
True
Is 644964847 composite?
True
Is 52185519569 prime?
True
Is 2098827821 a composite number?
False
Is 17079627077 a composite number?
False
Is 5241803003 a prime number?
True
Is 198344519 a composite number?
True
Is 2360136533 composite?
False
Is 26800629959 prime?
False
Is 869359619 prime?
False
Is 402794703391 composite?
False
Is 997069369 a composite number?
True
Is 95117501981 a composite number?
True
Is 4047993571 prime?
True
Is 3916767873 composite?
True
Is 2957643613 a composite number?
False
Is 9049108403 a prime number?
False
Is 2285455618 a prime number?
False
Is 1794884107 composite?
True
Is 113201544833 prime?
False
Is 70429387087 composite?
False
Is 1777983247 prime?
False
Is 4716914603 a prime number?
True
Is 156030011 prime?
True
Is 687350201 prime?
True
Is 3260974433 prime?
True
Is 3128012269 a prime number?
False
Is 266333677 prime?
True
Is 25154373227 composite?
True
Is 73150391 prime?
False
Is 5392854757 composite?
False
Is 1281565433 prime?
False
Is 2973849931 a prime number?
False
Is 1075655431 a prime number?
True
Is 14686387093 a prime number?
False
Is 708133111 composite?
True
Is 12289438727 a composite number?
True
Is 1862872751 a composite number?
True
Is 8690567393 a prime number?
False
Is 4229785543 composite?
False
Is 8555590553 a prime number?
False
Is 5828093587 a prime number?
False
Is 17109514843 a composite number?
True
Is 12202350295 composite?
True
Is 1692861323 a prime number?
True
Is 345042487 a composite number?
False
Is 359756437 prime?
False
Is 506340983 a prime number?
False
Is 1618016203 a composite number?
False
Is 175081138135 prime?
False
Is 2528040773 prime?
False
Is 160314125095 composite?
True
Is 19358361955 prime?
False
Is 425165129 composite?
False
Is 94681012991 a composite number?
True
Is 11860878293 prime?
False
Is 14349747031 composite?
False
Is 6172780361 prime?
False
Is 10853625901 prime?
False
Is 8273024207 prime?
False
Is 715452167 a prime number?
False
Is 10943077499 prime?
True
Is 3021533999 prime?
False
Is 29241991969 composite?
True
Is 10755583 a composite number?
True
Is 9269948887 a composite number?
True
Is 20534419589 composite?
False
Is 310621691 a prime number?
True
Is 1700073091 a prime number?
True
Is 578420153 composite?
True
Is 69569773939 a composite number?
True
Is 6203438779 prime?
True
Is 2233481 prime?
True
Is 39024349087 composite?
False
Is 4530044263 prime?
True
Is 3720078379 prime?
False
Is 441991903 prime?
True
Is 1882811603 composite?
True
Is 9355569799 a composite number?
True
Is 348929005 prime?
False
Is 7125224723 a prime number?
False
Is 172666576193 prime?
True
Is 28606707331 composite?
False
Is 7481804411 composite?
False
Is 41345137543 composite?
False
Is 13956857771 a composite number?
False
Is 5913622373 prime?
True
Is 903704381 composite?
False
Is 773350223 a prime number?
True
Is 1193202887 prime?
True
Is 3119935879 a composite number?
False
Is 1073118433 composite?
False
Is 1793741533 composite?
True
Is 246446293 composite?
False
Is 1124050661 prime?
True
Is 2218194887 a prime number?
True
Is 16404763127 a prime number?
False
Is 161722328077 a prime number?
True
Is 144433171 a composite number?
False
Is 3908583307 prime?
True
Is 11582244235 a prime number?
False
Is 67620550103 composite?
True
Is 7847611741 a composite number?
True
Is 961098913 a composite number?
True
Is 3215668271 prime?
False
Is 180994313 a composite number?
True
Is 17564920151 a prime number?
True
Is 2739587141 a composite number?
False
Is 3133007957 prime?
True
Is 78388449647 a composite number?
False
Is 43182338273 a prime number?
False
Is 143185069 a prime number?
False
Is 62615847757 composite?
False
Is 3419759647 a composite number?
True
Is 981231659 a prime number?
True
Is 68067834353 composite?
False
Is 14443972243 a prime number?
True
Is 15437353259 a prime number?
True
Is 2741944213 prime?
False
Is 5830840627 prime?
True
Is 2976272819 composite?
True
Is 778711849 composite?
True
Is 213986147 composite?
True
Is 2601315271 a prime number?
True
Is 749800027 a prime number?
False
Is 71178216086 composite?
True
Is 1899906563 a composite number?
True
Is 11700801979 a composit